{"id":1111,"date":"2024-10-22T08:02:09","date_gmt":"2024-10-22T06:02:09","guid":{"rendered":"https:\/\/lectro-vibes.local\/?post_type=product&#038;p=1111"},"modified":"2025-12-25T18:29:11","modified_gmt":"2025-12-25T17:29:11","slug":"option-casque-vr","status":"publish","type":"product","link":"https:\/\/www.formagraph-exercice.fr\/pierrem\/electrovibes\/produit\/option-casque-vr\/","title":{"rendered":"Option \u00ab\u00a0Casque VR\u00a0\u00bb"},"content":{"rendered":"<ul>\n<li><strong>Qualit\u00e9 d&rsquo;image<\/strong> : Haute d\u00e9finition pour des visuels nets et fluides, vous plongeant dans des environnements visuels immersifs qui r\u00e9agissent en temps r\u00e9el avec les performances musicales.<\/li>\n<li><strong>Confort<\/strong> : Casques l\u00e9gers et ajustables, adapt\u00e9s \u00e0 une utilisation prolong\u00e9e pour profiter pleinement de l&rsquo;exp\u00e9rience sans inconfort.<\/li>\n<li><strong>Son<\/strong> : Synchronisation audio parfaite avec la musique live pour un voyage sensoriel \u00e0 360\u00b0.<\/li>\n<li><strong>Compatibilit\u00e9 VR avanc\u00e9e<\/strong> : D\u00e9couvrez des effets lumineux, des paysages sonores et des interactions visuelles cr\u00e9\u00e9es sp\u00e9cialement pour chaque soir\u00e9e.<\/li>\n<\/ul>\n<p><strong>Le casque vr est en promotion pour l&rsquo;abonnement 1 jour entre le 1 et 24 d\u00e9cembre 2025 et passe \u00e0 9 euros.<\/strong><\/p>\n<p><strong>Le casque vr est en promotion pour l&rsquo;abonnement 3 mois entre le 1 et 13 ao\u00fbt 2025 et passe \u00e0 5 euros.<\/strong><\/p>\n<p>R\u00e9servez votre casque VR et vivez la soir\u00e9e Electro Vibes comme jamais auparavant !<\/p>\n","protected":false},"excerpt":{"rendered":"<p>Plongez au c\u0153ur de l\u2019exp\u00e9rience immersive ultime avec nos <strong>casques de r\u00e9alit\u00e9 virtuelle (VR)<\/strong> lors des soir\u00e9es \u00c9<strong>lectro Vibes<\/strong>. Con\u00e7us pour vous transporter dans un monde synchronis\u00e9 avec la musique \u00e9lectro, nos casques VR offrent une immersion totale aupr\u00e8s de vos DJs et en parfaite harmonie avec ces derniers.<\/p>\n","protected":false},"featured_media":1116,"comment_status":"open","ping_status":"closed","template":"","meta":{"_kad_post_transparent":"default","_kad_post_title":"","_kad_post_layout":"default","_kad_post_sidebar_id":"","_kad_post_content_style":"default","_kad_post_vertical_padding":"default","_kad_post_feature":"","_kad_post_feature_position":"","_kad_post_header":false,"_kad_post_footer":false,"_kad_post_classname":""},"product_brand":[],"product_cat":[51],"product_tag":[49,50,56,55],"class_list":{"0":"post-1111","1":"product","2":"type-product","3":"status-publish","4":"has-post-thumbnail","6":"product_cat-option-casque-vr-1-jour","7":"product_tag-1-jour","8":"product_tag-3-mois","9":"product_tag-annuel","10":"product_tag-casque-vr","12":"first","13":"instock","14":"taxable","15":"shipping-taxable","16":"purchasable","17":"product-type-variable","18":"entry","19":"content-bg","20":"loop-entry"},"_links":{"self":[{"href":"https:\/\/www.formagraph-exercice.fr\/pierrem\/electrovibes\/wp-json\/wp\/v2\/product\/1111","targetHints":{"allow":["GET"]}}],"collection":[{"href":"https:\/\/www.formagraph-exercice.fr\/pierrem\/electrovibes\/wp-json\/wp\/v2\/product"}],"about":[{"href":"https:\/\/www.formagraph-exercice.fr\/pierrem\/electrovibes\/wp-json\/wp\/v2\/types\/product"}],"replies":[{"embeddable":true,"href":"https:\/\/www.formagraph-exercice.fr\/pierrem\/electrovibes\/wp-json\/wp\/v2\/comments?post=1111"}],"wp:featuredmedia":[{"embeddable":true,"href":"https:\/\/www.formagraph-exercice.fr\/pierrem\/electrovibes\/wp-json\/wp\/v2\/media\/1116"}],"wp:attachment":[{"href":"https:\/\/www.formagraph-exercice.fr\/pierrem\/electrovibes\/wp-json\/wp\/v2\/media?parent=1111"}],"wp:term":[{"taxonomy":"product_brand","embeddable":true,"href":"https:\/\/www.formagraph-exercice.fr\/pierrem\/electrovibes\/wp-json\/wp\/v2\/product_brand?post=1111"},{"taxonomy":"product_cat","embeddable":true,"href":"https:\/\/www.formagraph-exercice.fr\/pierrem\/electrovibes\/wp-json\/wp\/v2\/product_cat?post=1111"},{"taxonomy":"product_tag","embeddable":true,"href":"https:\/\/www.formagraph-exercice.fr\/pierrem\/electrovibes\/wp-json\/wp\/v2\/product_tag?post=1111"}],"curies":[{"name":"wp","href":"https:\/\/api.w.org\/{rel}","templated":true}]}}